 (-13)/14*12 + 2/14. Give t(w).
5
Suppose -w = 2*x - 4, -2*x + 15 - 67 = -3*w. Suppose -3*u - 16 = v, 7*v = 3*v - 2*u - w. Let t(j) = 5*j**2 - j. Give t(v).
6
Let g(d) = 3*d + 9. Suppose 0 = -923*i + 929*i - 870. Suppose 6*x + 187 = i. Determine g(x).
-12
Suppose 9*p - 787 = -850. Let a be 9*(-2 + 1 + 2). Let r(g) = -g**3 - a*g**2 + 0 - 2 + g**2 - 7*g. Calculate r(p).
-2
Suppose -3*y - 2*u + 30 = 0, -2*y + u + 20 = -u. Suppose y*t = 4*t + 24. Let g(p) = -t*p**3 + 2*p + 5*p**3 + 2 - 6*p**2 + 2*p**2 + 0*p**3. Calculate g(3).
-1
Let n(s) = -2*s**2 + 7*s - 13. Let c be 7 + ((-32)/(-8) - (1 - -6)). What is n(c)?
-17
Suppose 0 = 5*h - s - 15, 3*h - 1 = s + 10. Let g(n) = 333*n**2 - n**3 + n - 2 - 663*n**2 + 324*n**2 + h*n**3. Give g(6).
4
Suppose 0 = 110*x + 67 + 593. Let g(p) = -p**2 - 6*p + 18. Determine g(x).
18
Let h(v) = -62*v**2 - 5*v + 20. Let x(w) = 109*w**2 + 12*w - 39. Let n(o) = -7*h(o) - 4*x(o). Calculate n(-8).
-8
Let v(w) = -24 + 58 - 132 - 161*w. Let o(j) = 10*j + 6. Let b(u) = -49*o(u) - 3*v(u). Calculate b(-1).
7
Suppose -69*v - 166*v - 3894 = 119*v. Let k(j) be the third derivative of j**4/24 + 2*j**2. Determine k(v).
-11
Let x(a) = a**2 - 3*a - 7. Let r be x(5). Let l(o) = 16*o - 59. Let w be l(4). Let u(y) = 8*y**2 + w*y**2 - 3*y - 19*y**2 + 1 - y**3 + 11*y**2. What is u(r)?
10
Let g(t) = -28*t**2 - 67*t - 29. Let b(d) = 10*d**2 + 23*d + 8. Let y(a) = 11*b(a) + 4*g(a). Calculate y(-4).
0
Let g(z) = 4 + 8*z**2 - 4*z**2 - 3*z**2 + 3*z - 8*z. Let d(o) = 0 - o + 8 + 8. Let j be d(11). What is g(j)?
4
Let k(a) be the second derivative of -a**4/6 + 13*a**3/6 + 3*a**2 + 95*a. Suppose -9*r = -1 - 62. Give k(r).
-1
Let n = -9 + 20. Let s(x) = -3*x**2 + 11. Let h(i) = i**2 - 4. Let l(o) = n*h(o) + 4*s(o). Let j(r) = 3*r**2 + 3*r - 4. Let q(d) = -j(d) - 4*l(d). Give q(4).
8
Let h(c) = -c**3 + 11*c**2 - 11*c + 11. Let s be 30*((-486)/(-12))/9. Suppose -130*l = -s*l + 765. Let t = -143 + l. Determine h(t).
1
Let v(d) = -3 + 2*d + 0 + 7 - 1. Let r = 962 - 965. What is v(r)?
-3
Let f = 90 - 54. Let p = f + -38. Let c be (-3)/((-12)/40*p). Let q(d) = d**3 + 6*d**2 + 6*d + 3. Determine q(c).
-2
Let j(x) = 7*x**3 + 18*x**2 + 37*x + 7. Let a(c) = -5*c**3 - 17*c**2 - 24*c - 8. Let o(f) = 4*a(f) + 3*j(f). What is o(13)?
15
Let y be (-3 - (15 + 0))*(-1)/3. Suppose -26*o = -28*o + y. Let f(l) = -3*l + l**3 - 6*l + o - 2*l**2 + 5*l. Calculate f(3).
0
Suppose 0 = 5*c - 4*g - 23, 4*g + 5 = 2*c + g. Suppose j - 2*f - 3 = f, 0 = -5*f. Let x be -3 - (6 + (j - c)). Let n(m) = -m**3 - 4*m**2 + 5*m + 4. Give n(x).
4
Let g(u) be the first derivative of u**3/3 + 7*u**2/2 + 9*u - 1487. Calculate g(-3).
-3
Let p(d) be the first derivative of 0*d**2 + 0*d + 1/360*d**6 - 4 + 5/3*d**3 - 1/8*d**4 - 1/30*d**5. Let x(m) be the third derivative of p(m). Determine x(5).
2
Let m(y) = y**2 + 12*y - 16. Let x(w) = -53*w - 2452. Let q be x(-46). Give m(q).
12
Let a(w) be the first derivative of 40*w**2 - 317*w + 2592. Give a(4).
3
Let c(w) = -w**2 + 5*w + 4. Let z be c(6). Let b be 6/(-27) + 2/(-18)*-2117. Let g(l) = 2 - b*l + l**2 + 234*l - 3 - 1. Give g(z).
4
Let b(l) = -2*l**2 + l**2 - 8*l - 9 + l. Let n(a) = a**3 + 32*a**2 + 177*a - 363. Let z be n(-24). Give b(z).
3
Suppose -40 = -42*n + 86. Let l(p) = -p**2. Let c(z) = 6*z**2 + 1. Let y(t) = -c(t) - 4*l(t). Give y(n).
-19
Let w(h) = 6*h + 1. Let f(p) = -81*p - 1 + 41*p + 35*p + 0. Let y(r) = -4*f(r) - 3*w(r). What is y(3)?
7
Suppose -24*b - 40 = -29*b. Let x be -3 - -10 - b/10*5. Let o(n) = -1 + 4*n + n**2 - 2*n + 2. Give o(x).
16
Let w be (((-2090)/(-33))/38)/(0 - 20/72). Let z(i) = i**2 - 2*i - 11. Determine z(w).
37
Let b(w) = -4*w**2 + 18*w - 23. Let u(a) = 3*a**2 - 16*a + 21. Suppose 30*q - 31*q = -4. Let n(h) = q*b(h) + 5*u(h). Calculate n(-10).
-7
Let p = 240 + -237. Let n(g) = 3 - 20*g + 5*g + p*g + 10*g. Determine n(7).
-11
Let f(b) = -6*b**2 - 2*b - 1. Let c(w) = -w**2 - w. Let a(y) = -4*c(y) + f(y). Let q be (-73 - 6878/(-95)) + 8/5 + 0. Calculate a(q).
-1
Let p = 371 + -368. Let d(g) = 15*g - 31*g + p - 3*g**2 + 13*g. Determine d(3).
-33
Let k(b) be the third derivative of -b**4/24 - 10*b**3/3 - 30*b**2 - 36*b - 1. Let d(l) = -l**3 - 4*l + 3. Let q be d(2). Determine k(q).
-7
Let a be (20 + -19)/(11/(-220)). Let y(o) = -o**3 - 20*o**2 + 2*o + 33. Determine y(a).
-7
Let v be (9/(-2))/(81/(-108)). Let w(d) = -d - 35. Let p(b) = b + 3. Let h(r) = v*p(r) + w(r). Calculate h(6).
13
Let n(b) = -8*b**3 - 6*b**2 + 57*b + 62. Let y(f) = 3*f**3 + 2*f**2 - 22*f - 21. Let i(q) = 4*n(q) + 11*y(q). Determine i(4).
-7
Let w(d) = -2*d + 2 + 12584*d**2 - 25097*d**2 + 12548*d**2. Calculate w(1).
35
Let g(s) be the first derivative of -7/3*s**3 + 1/4*s**4 + 5/2*s**2 + 87 + 11*s. Determine g(6).
5
Suppose -366*z - 128 = -374*z. Let d(p) = -p**3 + 16*p**2 + p - 38. Calculate d(z).
-22
Let t(p) = 175*p + 349. Let a be t(-2). Let v(x) = -20*x**2 - 5*x - 7. Give v(a).
-22
Let m be (3/2)/(((-52)/(-624))/(3/(-2))). Let g(d) = -d**2 - 25*d + 41. Give g(m).
-13
Let q be (0 + 0)*(-3)/6. Suppose -27*v - 178 + 16 = q. Let s(z) = 2*z + 3. What is s(v)?
-9
Let i(v) = -7*v - 28 + v**2 + 51 - 26. Let s(l) = -2*l**2 - 61*l + 37. Let r be s(-31). What is i(r)?
-9
Let a(i) be the first derivative of -47 - 1/120*i**5 + 0*i - 7/24*i**4 + 0*i**2 - 14/3*i**3 - 1/360*i**6. Let m(b) be the third derivative of a(b). Give m(0).
-7
Let m(h) = -2*h**2 - h**2 + 0*h**2 - 17*h. Suppose -1620716*j + 114 = -1620735*j. Give m(j).
-6
Let r(i) be the first derivative of 29*i**2/2 - 96*i + 3893. Give r(3).
-9
Let s(h) = 535958*h**2 - 25*h + 11 + 86*h - 535954*h**2. Give s(-15).
-4
Let l = -1791 - -1784. Let a(u) be the second derivative of u**3/6 + 11*u**2/2 + 4*u. Calculate a(l).
4
Let v(a) = -2*a. Let o(y) be the second derivative of y**3/3 - 7*y. Let q(z) = -3*o(z) - 4*v(z). Suppose -2*w - 5*w - 14 = 0. Give q(w).
-4
Let j(h) = 6 - 1 - 9 + h. Let p = 64 + -57. Let o = p - 2. What is j(o)?
1
Let f(a) = 103 - 51114*a + 102234*a - 51114*a. Give f(-18).
-5
Let k(t) be the third derivative of t**6/120 + t**5/4 - t**4/2 + 5*t**3/3 + 4*t**2 + 7. Calculate k(-16).
-54
Suppose -24*q + 984 = -106*q. Let k(c) = c**3 + 13*c**2 + 2*c + 11. What is k(q)?
131
Suppose -4*o = -21 + 1. Suppose 0 = -5*h + 25, -5*h + 35 = o*v - 0*h. Let f be 14/v*48/(-56). Let t(s) = -s**2 - 6*s - 7. What is t(f)?
-7
Suppose -14*w = -19 - 9. Suppose 5 = -3*i + 5*i - v, -3*i = -2*v - 10. Let z(m) = 4*m**3 - 5 + 9*m + i*m**w + 7*m**2 - 6*m**3 + m**3. Determine z(8).
3
Let p(q) = 3*q**3 + 8*q + 3. Let d(h) = 7*h**3 - h**2 + 17*h + 7. Let v(i) = -4*d(i) + 9*p(i). Suppose t - 73 = -x - 71, -3*x + 18 = -3*t. Calculate v(x).
15
Let v(q) = 4887*q - 4*q**2 - 3 - 2*q**2 - 4889*q + 2*q**2 + q**2. Let i = -4 + 6. Let b be 0/(i - 0) + -2. Calculate v(b).
-11
Let x(r) = 5*r**3 - 14*r**2 - 2*r + 3. Let k(c) = 4*c**3 - 13*c**2 - 3*c + 2. Let g = -199 - -205. Let i(v) = g*k(v) - 5*x(v). Give i(-6).
-27
Let m(i) = -9 - 144515*i + 288999*i - 144510*i. Give m(6).
-165
Let r(p) = 11*p**2 + 33*p + 11. Let z(w) = -13*w**2 - 38*w - 10. Let q(a) = 6*r(a) + 5*z(a). Calculate q(-6).
4
Let m(l) = 1. Let f be 65/26 - (9/6)/1. Let n(w) be the second derivative of -w**3/6 + 3*w**2 + 3*w. Let i(z) = f*n(z) - 5*m(z). Give i(1).
0
Let t = -12765 + 12754. Let y(s) = 3*s - 42. Calculate y(t).
-75
Let i(r) = 14*r**2 + 6*r + 5. Let l(a) = 97*a**2 + 46*a + 37. Let y(h) = -15*i(h) + 2*l(h). Give y(1).
-15
Suppose 16*s - 54 = 25*s. Let d(l) be the second derivative of -l**4/24 - 5*l**3/6 - 4*l**2 + 7*l. Let f(v) be the first derivative of d(v). What is f(s)?
1
Let t(s) = 2*s**2 + 194*s - 397. Let g be t(-99). Let q(z) = 42*z**3 - 2*z**2 + 3*z + 4. Determine q(g).
-43
Let f(k) = 2*k**2 + 7*k - 64. Let r(p) = -p**2 - 4*p + 39. Let y(b) = -3*f(b) - 5*r(b). Determine y(6).
-45
Let z(l) = -7*l**2 - 35*l - 19. Let a(j) = -23*j**2 - 117*j - 57. Let b(d) = 2*a(d) - 7*z(d). Calculate b(-5).
39
Let x(d) = d**2 - 7*d + 7. Suppose 37*q + 9 = 35*q + g, 0 = 3*q + 3*g + 18. Determine x(q).
67
Suppose 5*c + 4*n + 5 = -1, -2*c - 4*n - 12 = 0. Suppose 2*t - t - 8 = -5*j, -5*t + c*j + 40 = 0. Let h(a) = 3*a - 1. What is h(t)?
23
Let z be (-3 - -1)*(-1 + 0/(-2)). Suppose -t + 25 = 2*m, t - 6*m - 5 = -3*m. Let y(i) = -i**3 + 13*i**2 - 4 - z*i - t*i**2 + 